What is the greatest common divisor of 1046 and 2?
2
Calculate the greatest common factor of 1310 and 40.
10
What is the greatest common factor of 15 and 2160?
15
Calculate the highest common factor of 15 and 35.
5
Calculate the greatest common divisor of 68 and 4.
4
Calculate the greatest common divisor of 102 and 18.
6
Calculate the greatest common divisor of 3344 and 33.
11
Calculate the greatest common divisor of 2191 and 7.
7
Calculate the greatest common factor of 102 and 294.
6
What is the greatest common factor of 261 and 725?
29
What is the highest common factor of 9711 and 39?
39
What is the highest common divisor of 2224 and 5282?
278
Calculate the greatest common divisor of 540 and 120.
60
What is the greatest common divisor of 187 and 66?
11
Calculate the greatest common divisor of 352 and 11.
11
Calculate the highest common factor of 75 and 175.
25
Calculate the greatest common divisor of 9 and 89.
1
What is the highest common divisor of 552 and 72?
24
Calculate the highest common divisor of 242 and 473.
11
Calculate the highest common factor of 28 and 1204.
28
Calculate the greatest common factor of 36509 and 11.
11
What is the greatest common divisor of 196 and 476?
28
Calculate the highest common divisor of 36 and 4.
4
Calculate the highest common divisor of 464 and 18.
2
Calculate the greatest common factor of 55 and 5181.
11
What is the highest common factor of 333 and 481?
37
What is the greatest common factor of 57 and 209?
19
Calculate the highest common factor of 9922 and 164.
82
Calculate the highest common factor of 310 and 20.
10
Calculate the greatest common factor of 2825 and 339.
113
What is the highest common divisor of 238 and 56?
14
What is the highest common factor of 40 and 116?
4
Calculate the highest common divisor of 16 and 16.
16
Calculate the greatest common factor of 392 and 1323.
49
Calculate the greatest common divisor of 3965 and 91.
13
What is the highest common factor of 14 and 896?
14
Calculate the greatest common factor of 100 and 1700.
100
What is the highest common divisor of 60 and 210?
30
Calculate the highest common divisor of 490 and 40.
10
What is the highest common factor of 150 and 24?
6
Calculate the highest common divisor of 238 and 697.
17
Calculate the highest common divisor of 8 and 604.
4
Calculate the greatest common divisor of 408 and 48.
24
What is the greatest common divisor of 1394 and 306?
34
What is the highest common factor of 126 and 9?
9
What is the highest common divisor of 159260 and 20?
20
Calculate the highest common factor of 498 and 5893.
83
Calculate the highest common factor of 3 and 318.
3
What is the highest common factor of 152 and 19?
19
What is the greatest common divisor of 1242 and 270?
54
What is the greatest common factor of 442 and 544?
34
Calculate the highest common factor of 270 and 20.
10
What is the greatest common divisor of 104 and 18616?
104
Calculate the greatest common divisor of 31 and 8339.
31
What is the highest common divisor of 6027 and 735?
147
Calculate the highest common divisor of 506 and 184.
46
What is the highest common factor of 396 and 5418?
18
Calculate the highest common factor of 264 and 1518.
66
Calculate the greatest common factor of 9 and 153.
9
What is the greatest common factor of 11 and 2189?
11
Calculate the greatest common factor of 1135 and 5.
5
Calculate the greatest common factor of 583 and 33.
11
What is the highest common divisor of 134 and 2144?
134
What is the greatest common factor of 1127 and 196?
49
What is the greatest common divisor of 782 and 69?
23
What is the greatest common factor of 324 and 72?
36
What is the greatest common factor of 14865 and 15?
15
What is the greatest common divisor of 1305 and 180?
45
Calculate the highest common factor of 322 and 70.
14
Calculate the greatest common factor of 1672 and 88.
88
Calculate the highest common divisor of 1404 and 52.
52
What is the highest common factor of 151 and 151?
151
Calculate the highest common factor of 338 and 2158.
26
What is the greatest common divisor of 276 and 759?
69
Calculate the highest common factor of 5 and 9385.
5
What is the greatest common divisor of 135 and 315?
45
Calculate the highest common divisor of 19 and 41.
1
What is the highest common divisor of 1649 and 17?
17
What is the highest common divisor of 1517 and 41?
41
Calculate the highest common factor of 240 and 144.
48
Calculate the highest common factor of 68 and 204.
68
Calculate the highest common factor of 72 and 3372.
12
Calculate the greatest common divisor of 432 and 945.
27
What is the greatest common factor of 10 and 40?
10
What is the highest common factor of 82 and 41?
41
Calculate the highest common divisor of 88 and 484.
44
What is the highest common divisor of 676 and 416?
52
What is the highest common divisor of 930 and 2480?
310
Calculate the greatest common factor of 24433 and 53.
53
Calculate the highest common divisor of 946 and 11.
11
Calculate the highest common factor of 2449 and 632.
79
Calculate the highest common divisor of 780 and 160.
20
What is the highest common factor of 30 and 606?
6
What is the greatest common factor of 45568 and 89?
89
What is the highest common factor of 33 and 1133?
11
Calculate the highest common divisor of 50 and 220.
10
Calculate the highest common factor of 160 and 28.
4
Calculate the highest common divisor of 7564 and 1708.
244
What is the greatest common divisor of 7821 and 237?
237
Calculate the highest common divisor of 8 and 38.
2
Calculate the greatest common divisor of 6 and 4146.
6
What is the greatest common divisor of 28 and 13258?
14
Calculate the highest common divisor of 610 and 85.
5
What is the highest common factor of 172 and 430?
86
Calculate the highest common factor of 49 and 5.
1
What is the greatest common divisor of 21 and 12257?
7
Calculate the greatest common divisor of 5370 and 210.
30
Calculate the highest common factor of 1406 and 296.
74
Calculate the greatest common divisor of 2937 and 220.
11
Calculate the highest common factor of 71 and 4.
1
What is the highest common factor of 395 and 79?
79
What is the greatest common factor of 77095 and 85?
85
Calculate the greatest common divisor of 4453 and 61.
61
What is the highest common divisor of 20 and 2740?
20
What is the highest common factor of 3 and 7?
1
What is the highest common divisor of 10 and 384?
2
What is the highest common divisor of 90 and 288?
18
Calculate the highest common factor of 52 and 1586.
26
What is the greatest common divisor of 1207 and 213?
71
Calculate the highest common factor of 90 and 210.
30
What is the highest common factor of 55 and 2651?
11
What is the highest common factor of 234 and 130?
26
What is the highest common divisor of 960 and 150?
30
What is the highest common factor of 180 and 90?
90
What is the greatest common divisor of 23 and 1403?
23
What is the greatest common factor of 546 and 231?
21
Calculate the greatest common divisor of 34 and 187.
17
Calculate the greatest common factor of 350 and 40.
10
Calculate the highest common factor of 123 and 164.
41
What is the highest common factor of 7209 and 534?
267
What is the greatest common factor of 145 and 493?
29
Calculate the greatest common divisor of 3276 and 1116.
36
What is the greatest common divisor of 387 and 306?
9
What is the highest common divisor of 51 and 3043?
17
What is the greatest common divisor of 312 and 4212?
156
What is the highest common divisor of 41 and 7257?
41
Calculate the greatest common divisor of 3570 and 3094.
238
What is the greatest common divisor of 630 and 84?
42
Calculate the highest common factor of 63 and 1620.
9
Calculate the highest common divisor of 791 and 7.
7
What is the highest common divisor of 280 and 1384?
8
Calculate the highest common divisor of 12 and 10446.
6
What is the highest common factor of 257 and 20817?
257
What is the highest common divisor of 40 and 200?
40
What is the greatest common divisor of 24 and 384?
24
What is the highest common factor of 38 and 14288?
38
What is the greatest common divisor of 168 and 72?
24
What is the greatest common factor of 26 and 18?
2
What is the highest common divisor of 44 and 50644?
44
What is the greatest common divisor of 2891 and 59?
59
What is the 